f p and 77.
7
Suppose -2*p - t = -4*p + 137, -65 = -p - 3*t. Suppose p*h + 4*l = 64*h + 5892, 2*h - 4*l = 2940. What is the greatest common divisor of 23 and h?
23
Let j be 60/(-24)*(3 + -71). Calculate the highest common factor of 68 and j.
34
Let r = -5620 - -11932. What is the highest common divisor of 24 and r?
24
Let m = 234 + 1020. Calculate the greatest common factor of 684 and m.
114
Let i be (-5 - 70/(-15))/(2/(-258)). Suppose 113 = 10*j + i. Let a(k) = k**2 - 4*k - 1. Let t be a(j). Calculate the greatest common divisor of t and 220.
20
Let b be -1 - 238/(-6) - 59/(-177). Suppose 3*f - 2*q - 1989 = 0, q - 1989 = -3*f + 2*q. Calculate the highest common factor of b and f.
39
Suppose -19*l - 4006 = -2*w - 23*l, -w + 3*l + 1983 = 0. Calculate the greatest common factor of w and 105.
105
Let b be (-18)/4*(-560)/8. Let k be 2*(b/14)/15. What is the greatest common divisor of 12 and k?
3
Let d be (10*(207/45 - 4))/1. What is the greatest common factor of d and 1698?
6
Let y be (-3 - (-6)/(3 + 0)) + 94. Calculate the highest common divisor of y and 4464.
93
Suppose -4*g = -256 - 444. Let q be (-2)/(-7) - (-80676)/2324. Calculate the highest common factor of q and g.
35
Suppose 0 = 2*p + 24, 7717*h - 7715*h = 2*p + 216. Suppose 0*z + 1024 = 4*z. Calculate the highest common divisor of z and h.
32
Let u be 2/(-16) - (-5417190)/1840. Calculate the greatest common factor of u and 56.
8
Let s be 9/(4/(-18) - (-55)/45). Suppose -s*c = -11*c + 10. Suppose c*u - 4*v = 45, 4*u - 3*v - 30 = -v. Calculate the highest common factor of u and 35.
5
Let i be 3/9 - (-770)/30. Let z = 19 + i. Calculate the highest common divisor of z and 18.
9
Let c = -125 + 157. Suppose -4*q - 3*s = -695, -4*s + 96 = q - 68. Calculate the greatest common factor of c and q.
16
Let r(x) = 3*x**3 + 31*x**2 + 36*x + 22. Let d be r(-9). What is the greatest common factor of 2585 and d?
11
Let i = -8 - -100. Let w be (23 + 0)/(-10*(-1)/10). What is the greatest common divisor of i and w?
23
Suppose j + 2*k - 105 = 0, 6*j - 4*k - 285 = 3*j. Suppose -5*m = -2*a - 55, -16*m - 33 = -19*m - a. Calculate the highest common factor of j and m.
11
Suppose -15*y + 2806 = 31. What is the greatest common factor of y and 5?
5
Let i be 12/(-24)*0/(-1). Suppose i = n - 5*c - 29, 12*n - 14*n + 82 = -2*c. Calculate the greatest common divisor of 12 and n.
4
Suppose -126 = -3*r + 9*r. Let a be 4*r/(-28) - (-2 - 0). Suppose -3*t + a + 1 = 0. Calculate the highest common divisor of 10 and t.
2
Suppose 5*m - b - 2684 = 0, -10*m + 14*m - 2176 = 8*b. What is the greatest common divisor of m and 201?
67
Let r be (-12)/(-4) + -6 + 60. Suppose s = -17 - r. Let p = -62 - s. Calculate the highest common factor of p and 8.
4
Suppose 0 = 4*r - 4*c - 872, r + 8*c - 204 = 11*c. Calculate the highest common divisor of 441 and r.
9
Let z be 8 + (3560 + 3)/7 - -5. Calculate the greatest common divisor of z and 90.
18
Suppose 0 = 2*g - 44*g + 10500. Let v = 120 + -90. What is the highest common divisor of g and v?
10
Suppose 59*m + 1390 = 58*m. Let z be 1*m/(-12) - 8/(-48). Calculate the highest common factor of z and 4.
4
Suppose -15*f - 9994 = -42034. Calculate the highest common factor of 24 and f.
24
Let t(k) = 2*k**2 + 10*k - 8. Let r be t(-10). Suppose 5*w + 65 - 295 = 0. Calculate the highest common divisor of r and w.
46
Let r(h) be the second derivative of -h**4/6 - 5*h**3 - 9*h**2 - 29*h - 3. Let x be r(-12). Calculate the highest common factor of 1134 and x.
54
Let u = 995 - 847. What is the highest common factor of 16 and u?
4
Let h(i) = -7*i - 50. Let x be h(-14). Let y be 0/x + (-11)/(-1). What is the highest common factor of 253 and y?
11
Let r = 7633 - 7621. Calculate the highest common divisor of 732 and r.
12
Let u = 53 - 53. Suppose 5*v - 27 = -5*t - 7, u = -t + 4. Let n(d) = d**2 + 32. Let i be n(v). What is the greatest common factor of 48 and i?
16
Suppose -58*q = -726 - 9482. What is the greatest common divisor of 2948 and q?
44
Let z be (-9)/(-15)*40/12. Suppose 0 = z*l + 3*v - 1 - 0, l + 10 = 2*v. Let f(g) = -12*g - 15. Let s be f(l). Calculate the greatest common factor of s and 363.
33
Suppose -c + 59 = 3*q, -3*q + 79 = -2*c + 8. Let z be 1004/7 - q/49. What is the highest common factor of 13 and z?
13
Let s = -3216 + 3226. Let w = -69 - -109. What is the greatest common divisor of w and s?
10
Suppose u - 62 - 37 = 0. Let c(p) = 4*p**3 - 2*p**3 - 19*p**2 + 5*p - 1 + 14*p**2 + p**2. Let h be c(2). Calculate the highest common factor of u and h.
9
Let n(w) = 11*w**2 - 47*w + 236. Let v be n(6). What is the greatest common factor of 790 and v?
10
Suppose 0 = 3*x - c - 5, -3*c + 27 = -10*x + 15*x. Suppose 3*n + 5*q - 236 = 0, -10 = -x*q + 5*q. What is the greatest common divisor of n and 29?
29
Let c(y) = 37 + 4*y - 4*y**2 - 24 + 5*y**2 + 12. Let o be c(0). What is the greatest common divisor of o and 15?
5
Let k(o) = 7*o**2 + 3*o - 3. Let w be k(-3). Suppose 3*c - w = 3. Let p(x) = -x**2 + 19*x - 6. Let n be p(c). Calculate the highest common divisor of n and 132.
12
Let h be 1 + 7 + 2*(1 - -47). Calculate the greatest common divisor of 56 and h.
8
Let d = -3650 - -3710. Calculate the highest common divisor of d and 435.
15
Let w(p) = 2*p + 5. Let a = -293 - -295. Let y be w(a). Calculate the greatest common divisor of 153 and y.
9
Let p be (26/(-4))/(-3 + 116/40). Let h be (4 + -12 + 11)*(-10)/(-6). Calculate the highest common divisor of p and h.
5
Let f = 43044 + -42969. Suppose 3*i = -0*i + 135. What is the greatest common factor of f and i?
15
Suppose -28 = -12*p + 8*p. Suppose -p*s = -10*s + 4*x + 314, -3*s + 316 = -5*x. What is the highest common factor of s and 18?
6
Let c(v) = -2577*v + 7737. Let p be c(3). Let q be (-250)/(-6) - (-1)/3. What is the highest common divisor of p and q?
6
Let c(w) = -w**2 + 23*w - 6. Let f be c(7). Suppose -d + f - 98 = 0. Calculate the greatest common divisor of d and 352.
8
Let c(s) = 54*s**3 + 4*s**2 + s - 3. Suppose 3*k + 3*z + 12 = 0, k - 4*z - 22 = -k. Let b be c(k). What is the greatest common factor of 392 and b?
56
Let y be (136/(-8))/(-51) + 291741/9. Calculate the highest common factor of 32 and y.
32
Suppose -58*w + 47*w + 6655 = 0. Suppose -22 = 123*k - 124*k. What is the highest common factor of k and w?
11
Let b(c) = c**2 + 420*c + 6952. Let s be b(-17). Calculate the greatest common factor of s and 17978.
101
Suppose -127 = -5*u - 5*t + 33, -3*u = -4*t - 61. Let s be ((-1)/(-4))/(2/8). Calculate the highest common factor of u and s.
1
Suppose -v - f + 115 = -2*f, -4*v + 478 = 5*f. Let l(a) = 4 + 30 - a**2 - 21 + 29 + 16. Let y be l(7). Calculate the highest common factor of v and y.
9
Suppose 5*j = 2*j - 90. Let v = 40 + j. Suppose v*u - 320 = -0*u. Calculate the highest common divisor of 80 and u.
16
Suppose -58*a + 29601 = -237199. What is the highest common factor of 80 and a?
40
Suppose -2*r + 10950 = 3*r. Suppose 5*d - r - 1055 = 0. Suppose 2*v + 0*v - 264 = 4*l, 5*v - d = -l. Calculate the greatest common divisor of 52 and v.
26
Let t be 19*(-26)/(-741) - 9556*1/(-3). What is the highest common factor of 472 and t?
118
Let y = 1887 - 1875. What is the greatest common factor of y and 15?
3
Suppose -i + 2*u + 7 = 0, 5*i + 4*u + 51 - 16 = 0. Let l be 0/1 - (-3)/i*-2. Calculate the highest common divisor of l and 5.
1
Let y be -4*(-35 - -4) + 2. Let a be ((-26)/104 + 114/8)*2. What is the highest common divisor of a and y?
14
Let j be 42/8 + (-1)/4. Suppose j*l = 931 - 181. Suppose -4*v + 134 = 14. Calculate the greatest common factor of l and v.
30
Let n = 6723 + -5232. Calculate the greatest common factor of 63 and n.
21
Let a be (-2921)/(-9) - ((-2210)/234 + 9). Let u = -45 - -110. Calculate the highest common factor of u and a.
65
Suppose 0 = 2*s + 4*n - 126, -130 = 3*s - 3*n - 292. Calculate the highest common divisor of s and 38.
19
Let h be 541 + 11/((-99)/72). Suppose -5*x - 2*a = -529, 2*x - 7*x + h = 4*a. Suppose -2*q = 2*q - 168. Calculate the greatest common divisor of x and q.
21
Let d be (6 + (-475)/(-15))/((-5525)/(-690) - 8). Calculate the highest common divisor of d and 92.
46
Let l(p) = -84*p + 3417. Let y be l(38). What is the highest common factor of 72 and y?
9
Let s be 16/(-64) - 26/(-8). Let b(h) = 6 + 2*h